{"id":418,"date":"2013-08-11T19:06:15","date_gmt":"2013-08-11T19:06:15","guid":{"rendered":"http:\/\/localhost:8888\/test\/?page_id=520"},"modified":"2021-07-29T07:49:11","modified_gmt":"2021-07-29T04:49:11","slug":"about","status":"publish","type":"page","link":"https:\/\/www.gumushaneizgaratasi.com\/v3\/elements\/pages\/about\/","title":{"rendered":"Hakk\u0131m\u0131zda"},"content":{"rendered":"<p><\/p>\n<p><\/p>\n<p class=\"thin-font\" style=\"text-align: center;\"><strong>Hakk\u0131m\u0131zda<\/strong><\/p>\n<p style=\"text-align: center;\">G\u00fcm\u00fc\u015fhane Izgara ve Mangal Ta\u015f\u0131 %100 do\u011fal ta\u015flardan elde edilmekte olup odun ate\u015finde veya piknik t\u00fcp\u00fcnde kullan\u0131labilir.<\/p>\n<p style=\"text-align: center;\">Pi\u015firdi\u011finiz etler is ve duman g\u00f6rmez kendi ya\u011flar\u0131nda pi\u015fti\u011fi i\u00e7inde tad\u0131n\u0131 kaybetmezler.<\/p><p><\/p>","protected":false},"excerpt":{"rendered":"<p>Hakk\u0131m\u0131zda G\u00fcm\u00fc\u015fhane Izgara ve Mangal Ta\u015f\u0131 %100 do\u011fal ta\u015flardan elde edilmekte olup odun ate\u015finde veya piknik t\u00fcp\u00fcnde kullan\u0131labilir. Pi\u015firdi\u011finiz etler is ve duman g\u00f6rmez kendi ya\u011flar\u0131nda pi\u015fti\u011fi i\u00e7inde tad\u0131n\u0131 kaybetmezler.<\/p>\n","protected":false},"author":1,"featured_media":345,"parent":380,"menu_order":0,"comment_status":"closed","ping_status":"closed","template":"","meta":{"_monsterinsights_skip_tracking":false,"_monsterinsights_sitenote_active":false,"_monsterinsights_sitenote_note":"","_monsterinsights_sitenote_category":0,"footnotes":""},"class_list":["post-418","page","type-page","status-publish","has-post-thumbnail","hentry"],"_links":{"self":[{"href":"https:\/\/www.gumushaneizgaratasi.com\/v3\/wp-json\/wp\/v2\/pages\/418","targetHints":{"allow":["GET"]}}],"collection":[{"href":"https:\/\/www.gumushaneizgaratasi.com\/v3\/wp-json\/wp\/v2\/pages"}],"about":[{"href":"https:\/\/www.gumushaneizgaratasi.com\/v3\/wp-json\/wp\/v2\/types\/page"}],"author":[{"embeddable":true,"href":"https:\/\/www.gumushaneizgaratasi.com\/v3\/wp-json\/wp\/v2\/users\/1"}],"replies":[{"embeddable":true,"href":"https:\/\/www.gumushaneizgaratasi.com\/v3\/wp-json\/wp\/v2\/comments?post=418"}],"version-history":[{"count":23,"href":"https:\/\/www.gumushaneizgaratasi.com\/v3\/wp-json\/wp\/v2\/pages\/418\/revisions"}],"predecessor-version":[{"id":1464,"href":"https:\/\/www.gumushaneizgaratasi.com\/v3\/wp-json\/wp\/v2\/pages\/418\/revisions\/1464"}],"up":[{"embeddable":true,"href":"https:\/\/www.gumushaneizgaratasi.com\/v3\/wp-json\/wp\/v2\/pages\/380"}],"wp:featuredmedia":[{"embeddable":true,"href":"https:\/\/www.gumushaneizgaratasi.com\/v3\/wp-json\/wp\/v2\/media\/345"}],"wp:attachment":[{"href":"https:\/\/www.gumushaneizgaratasi.com\/v3\/wp-json\/wp\/v2\/media?parent=418"}],"curies":[{"name":"wp","href":"https:\/\/api.w.org\/{rel}","templated":true}]}}